{"id":262,"date":"2016-09-18T18:20:36","date_gmt":"2016-09-18T17:20:36","guid":{"rendered":"http:\/\/wordpress2.toilesdefrance.com\/?post_type=product&#038;p=262"},"modified":"2026-01-13T11:56:08","modified_gmt":"2026-01-13T10:56:08","slug":"toile-de-lin-pur-500x210cm","status":"publish","type":"product","link":"https:\/\/toilesdefrance.com\/?product=toile-de-lin-pur-500x210cm","title":{"rendered":"Toile de lin pur &#8211; 500x210cm"},"content":{"rendered":"<p>Notre toile de lin excellence se vend en rouleau et au m\u00e8tre, sur une longueur de trame de 2m10.<\/p>\n<p>Il s&rsquo;agit d&rsquo;un lin cultiv\u00e9 et tiss\u00e9 en France, d&rsquo;une grande qualit\u00e9, annobli et arras\u00e9 pour une toile de 300 grammes par m\u00e8tre carr\u00e9s.<\/p>\n","protected":false},"excerpt":{"rendered":"<p>Toile de lin pur &#8211; 500x210cm<\/p>\n","protected":false},"featured_media":522,"comment_status":"open","ping_status":"closed","template":"","meta":[],"product_cat":[40,41],"product_tag":[],"class_list":{"0":"post-262","1":"product","2":"type-product","3":"status-publish","4":"has-post-thumbnail","6":"product_cat-toile-au-metre","7":"product_cat-toiles-au-metre-pure","8":"product_shipping_class-cole","10":"first","11":"instock","12":"taxable","13":"shipping-taxable","14":"purchasable","15":"product-type-simple"},"_links":{"self":[{"href":"https:\/\/toilesdefrance.com\/index.php?rest_route=\/wp\/v2\/product\/262"}],"collection":[{"href":"https:\/\/toilesdefrance.com\/index.php?rest_route=\/wp\/v2\/product"}],"about":[{"href":"https:\/\/toilesdefrance.com\/index.php?rest_route=\/wp\/v2\/types\/product"}],"replies":[{"embeddable":true,"href":"https:\/\/toilesdefrance.com\/index.php?rest_route=%2Fwp%2Fv2%2Fcomments&post=262"}],"wp:featuredmedia":[{"embeddable":true,"href":"https:\/\/toilesdefrance.com\/index.php?rest_route=\/wp\/v2\/media\/522"}],"wp:attachment":[{"href":"https:\/\/toilesdefrance.com\/index.php?rest_route=%2Fwp%2Fv2%2Fmedia&parent=262"}],"wp:term":[{"taxonomy":"product_cat","embeddable":true,"href":"https:\/\/toilesdefrance.com\/index.php?rest_route=%2Fwp%2Fv2%2Fproduct_cat&post=262"},{"taxonomy":"product_tag","embeddable":true,"href":"https:\/\/toilesdefrance.com\/index.php?rest_route=%2Fwp%2Fv2%2Fproduct_tag&post=262"}],"curies":[{"name":"wp","href":"https:\/\/api.w.org\/{rel}","templated":true}]}}