{"id":249,"date":"2016-09-18T17:18:06","date_gmt":"2016-09-18T16:18:06","guid":{"rendered":"http:\/\/wordpress2.toilesdefrance.com\/?post_type=product&#038;p=249"},"modified":"2019-08-27T09:34:42","modified_gmt":"2019-08-27T08:34:42","slug":"appret-rouge-de-mars-imprimature-3-litres","status":"publish","type":"product","link":"https:\/\/toilesdefrance.com\/?product=appret-rouge-de-mars-imprimature-3-litres","title":{"rendered":"Appr\u00eat Rouge de Mars (imprimature) &#8211; 3 litres"},"content":{"rendered":"<p>&nbsp;<\/p>\n<p>Notre Gesso sp\u00e9cial rouge de Mars est un enduit acrylique rouge de haute qualit\u00e9.<\/p>\n<p>Id\u00e9al pour pr\u00e9parer vos toiles \u00e0 l&rsquo;ancienne, m\u00ealant la tradition de l&rsquo;imprimature et la modernit\u00e9 du liant acrylique.<\/p>\n<p>Sa tr\u00e9s bonne r\u00e9sistance ainsi que sa grande \u00e9lasticit\u00e9 garantissent \u00e0 tous vos travaux, huile ou acrylique, un excellent passage dans le temps.<\/p>\n<p>Ses propri\u00e9t\u00e9s chimiques comme la dilution \u00e0 l&rsquo;eau, ainsi que son fini tendu, assurent une finesse d&rsquo;aplat \u00e0 la mesure de vos d\u00e9sirs.<\/p>\n<p>Sec en 1 heure en surface, espacez les couches de 8 heures pour une parfaite utilisation.<\/p>\n","protected":false},"excerpt":{"rendered":"<p>Gesso sp\u00e9cial rouge de Mars acrylique<\/p>\n","protected":false},"featured_media":514,"comment_status":"open","ping_status":"closed","template":"","meta":[],"product_cat":[36,39],"product_tag":[],"class_list":{"0":"post-249","1":"product","2":"type-product","3":"status-publish","4":"has-post-thumbnail","6":"product_cat-colle-et-enduits","7":"product_cat-enduit-rouge-toiles-de-france","8":"product_shipping_class-cole","10":"first","11":"instock","12":"taxable","13":"shipping-taxable","14":"purchasable","15":"product-type-simple"},"_links":{"self":[{"href":"https:\/\/toilesdefrance.com\/index.php?rest_route=\/wp\/v2\/product\/249"}],"collection":[{"href":"https:\/\/toilesdefrance.com\/index.php?rest_route=\/wp\/v2\/product"}],"about":[{"href":"https:\/\/toilesdefrance.com\/index.php?rest_route=\/wp\/v2\/types\/product"}],"replies":[{"embeddable":true,"href":"https:\/\/toilesdefrance.com\/index.php?rest_route=%2Fwp%2Fv2%2Fcomments&post=249"}],"wp:featuredmedia":[{"embeddable":true,"href":"https:\/\/toilesdefrance.com\/index.php?rest_route=\/wp\/v2\/media\/514"}],"wp:attachment":[{"href":"https:\/\/toilesdefrance.com\/index.php?rest_route=%2Fwp%2Fv2%2Fmedia&parent=249"}],"wp:term":[{"taxonomy":"product_cat","embeddable":true,"href":"https:\/\/toilesdefrance.com\/index.php?rest_route=%2Fwp%2Fv2%2Fproduct_cat&post=249"},{"taxonomy":"product_tag","embeddable":true,"href":"https:\/\/toilesdefrance.com\/index.php?rest_route=%2Fwp%2Fv2%2Fproduct_tag&post=249"}],"curies":[{"name":"wp","href":"https:\/\/api.w.org\/{rel}","templated":true}]}}