{"id":5,"date":"2016-09-12T13:32:40","date_gmt":"2016-09-12T12:32:40","guid":{"rendered":"http:\/\/wordpress2.toilesdefrance.com\/?page_id=5"},"modified":"2019-11-12T17:59:48","modified_gmt":"2019-11-12T16:59:48","slug":"panier","status":"publish","type":"page","link":"https:\/\/toilesdefrance.com\/?page_id=5","title":{"rendered":"Panier"},"content":{"rendered":"<p>Les toiles \u00e9tant des produits larges en surface mais faible en poids, vous pouvez cumuler un grand nombre de toile dans votre commande sans voir vos frais de ports augmenter !<br \/>\nEn effet, les frais de port se font par palier de poids et de surface ; 0-4kg, 4-10kg, 10-30kg.<\/p>\n<p><strong>Attention\u00a0: pour \u00e9viter la casse dans les transports, les grands formats (qui sont signal\u00e9s sur leur page respective)\u00a0seront livr\u00e9s d\u00e9mont\u00e9s.<\/strong><\/p>\n<div class=\"woocommerce\"><div class=\"woocommerce-notices-wrapper\"><\/div><div class=\"wc-empty-cart-message\">\n\t<div class=\"cart-empty woocommerce-info\">\n\t\tVotre panier est actuellement vide.\t<\/div>\n<\/div>\t<p class=\"return-to-shop\">\n\t\t<a class=\"button wc-backward\" href=\"https:\/\/toilesdefrance.com\/?page_id=4\">\n\t\t\tRetour \u00e0 la boutique\t\t<\/a>\n\t<\/p>\n<\/div>\n","protected":false},"excerpt":{"rendered":"<p>Les toiles \u00e9tant des produits larges en surface mais faible en poids, vous pouvez cumuler un grand nombre de toile dans votre commande sans voir vos frais de ports augmenter ! En effet, les frais de port se font par palier de poids et de surface ; 0-4kg, 4-10kg, 10-30kg. Attention\u00a0: pour \u00e9viter la casse [&hellip;]<\/p>\n","protected":false},"author":1,"featured_media":0,"parent":0,"menu_order":0,"comment_status":"closed","ping_status":"closed","template":"","meta":{"footnotes":""},"class_list":["post-5","page","type-page","status-publish","hentry"],"_links":{"self":[{"href":"https:\/\/toilesdefrance.com\/index.php?rest_route=\/wp\/v2\/pages\/5"}],"collection":[{"href":"https:\/\/toilesdefrance.com\/index.php?rest_route=\/wp\/v2\/pages"}],"about":[{"href":"https:\/\/toilesdefrance.com\/index.php?rest_route=\/wp\/v2\/types\/page"}],"author":[{"embeddable":true,"href":"https:\/\/toilesdefrance.com\/index.php?rest_route=\/wp\/v2\/users\/1"}],"replies":[{"embeddable":true,"href":"https:\/\/toilesdefrance.com\/index.php?rest_route=%2Fwp%2Fv2%2Fcomments&post=5"}],"version-history":[{"count":5,"href":"https:\/\/toilesdefrance.com\/index.php?rest_route=\/wp\/v2\/pages\/5\/revisions"}],"predecessor-version":[{"id":1590,"href":"https:\/\/toilesdefrance.com\/index.php?rest_route=\/wp\/v2\/pages\/5\/revisions\/1590"}],"wp:attachment":[{"href":"https:\/\/toilesdefrance.com\/index.php?rest_route=%2Fwp%2Fv2%2Fmedia&parent=5"}],"curies":[{"name":"wp","href":"https:\/\/api.w.org\/{rel}","templated":true}]}}